23 - 66. Give s(k).
0
Let d(o) = 4*o**3 + 2*o**2 - 1. Suppose c + 12 = 2*c. Let a be 2/4*(-14 + c). Determine d(a).
-3
Let b(k) = 2*k + 4. Suppose -3*i - 25 = x, 5*x + 119 = 3*i + 120. Determine b(i).
-10
Let k = 1958 + -1953. Let c(p) be the third derivative of p**5/15 + p**4/24 - 5*p**3/3 + p**2. Let q(y) = -3*y**2 + 9. Let g(o) = 2*c(o) + 3*q(o). What is g(k)?
-8
Let y(m) = -3*m**3 - 3*m**2 - 3*m + 7. Let w(v) = 2*v**3 + 3*v**2 + 3*v - 6. Let x(o) = 4*w(o) + 3*y(o). Suppose 5145 = 7*p + 5124. Determine x(p).
6
Let k(l) = 2*l**2 - 2*l - 2. Let g be (14/35)/((-1)/(-10)). What is k(g)?
22
Let p = 439 + -443. Let m(l) = -l**3 - 3*l**2 - 5. Give m(p).
11
Let s(c) = 2*c**2 - 12*c. Let v(o) = -4*o**2 + 28*o. Let h(t) = -7*s(t) - 3*v(t). Let w(x) = x**2 + 2*x - 1. Let p be w(-3). Determine h(p).
-8
Suppose -29 = -21*y + 50*y. Let n(l) = -18*l**2 - 1. Calculate n(y).
-19
Let z be 1 - 38/8 - (-4)/(-16). Let r = 1 - z. Let d(t) = -t + 2. Give d(r).
-3
Let w(k) = k**3 + 6*k**2 + 7*k + 5. Suppose 2*a + 65 = 5*v, -2*v = -3*a + 4 - 30. Suppose 3 = -4*y - 5*l - 2, -5*y - 4*l = v. What is w(y)?
-5
Suppose k + 0*x - 2*x - 10 = 0, 0 = -3*x + 15. Suppose -g = -5*g + k. Let d(l) = l + 2. Let u(q) = 4*q + 8. Let c(b) = -9*d(b) + 2*u(b). Calculate c(g).
-7
Let h(c) = c**2 - 9. Let j(y) = y + 6. Let s be j(-3). Suppose -2*m + 4*x + 12 = 0, s*m + 3*x = 7*x + 18. Let o be ((-3)/m*0)/(-2). What is h(o)?
-9
Suppose 5*k + 8 = -r, -7 - 7 = 3*r + 5*k. Let w(h) be the first derivative of h**3 - 3/2*h**2 + 1/4*h**4 - 5 - 4*h. Give w(r).
5
Let w(y) = y**3 + 5*y**2 + 6*y + 5. Let x be w(-4). Let d(v) be the third derivative of -2/3*v**3 + 0*v + 0 + 5*v**2 + 1/60*v**5 + 1/8*v**4. Give d(x).
-4
Let g(d) be the second derivative of 7*d**3/6 + d**2/2 + 74*d. Determine g(-1).
-6
Let a(w) be the first derivative of w**4/12 + w**3/6 - 7*w - 2. Let k(m) be the first derivative of a(m). Let q be k(-2). Let i(j) = -j. Give i(q).
-2
Let z(m) = -5*m + 110. Let a be z(21). Let r(l) = -l**3 + 6*l**2 - 4*l - 6. Determine r(a).
-1
Let d be ((-3)/6)/((-1)/(-28))*-1. Let j(i) = -3*i + 46. Give j(d).
4
Let t(z) = 10*z - 1. Let d be 2*(0 + 1 + 0). Suppose -d - 2 = 2*m. Let j(g) = -1. Let b(k) = m*j(k) + t(k). Calculate b(-1).
-9
Suppose 4*c - 20 = 4*h, h - 2*c = -4*c + 7. Let g(t) = 6*t**2 + t + 12. Let p(f) = -12*f**2 - 2*f - 26. Let y(w) = -13*g(w) - 6*p(w). Determine y(h).
-5
Let q be (4/10)/(6 + 1640/(-275)). Let g(y) = -y**2 + 12*y - 10. Calculate g(q).
1
Suppose -14*u = -10*u - 32. Let g(c) = 5*c - 12. Calculate g(u).
28
Let u(x) = -4*x**2 + 18*x - 4. Let b(t) = -t**2 + 3*t - 1. Let j(h) = -5*b(h) + u(h). Give j(-3).
1
Let c be (-2)/(-2 + 1 + 3). Let t(n) be the third derivative of 5*n**4/12 - 5*n**3/6 - 20*n**2. Let s(b) = -1. Let m(r) = -4*s(r) + t(r). Give m(c).
-11
Let s(f) = -f**3 - 5*f**2 - 3*f + 4. Let x = 11 + -9. Suppose -x*p - 9 + 29 = 0. Let w = -14 + p. What is s(w)?
0
Let g be (3/2)/(21/28). Suppose -g*w - 2*w = -8. Let i(z) = z + z + 4*z - 8 + z**w. Calculate i(-6).
-8
Let h be 7 + -6 - -1*2. Let q(z) = 23*z + 2 - 26*z - 3. Calculate q(h).
-10
Let w(j) = j - 1. Let k(d) be the second derivative of d**3/2 - 7*d**2/2 - 10*d. Let q(n) = k(n) - 4*w(n). Give q(5).
-8
Let i(g) = -7 - 505*g + 165*g + 168*g + 170*g. Calculate i(-6).
5
Suppose -5 = c - 0. Let k(h) = h**3 + 5*h**2 + h + 1. Let m(n) = -n**2. Let a(f) = c*m(f) - k(f). What is a(2)?
-11
Let c(l) = -13*l**2 + 2*l + 1. Let q be (-5 + 2)/(0 + -6)*-2. What is c(q)?
-14
Let r(j) = 145 - j**3 - j + 8*j - 138 - 4*j**2. Give r(-6).
37
Let l(o) = -o**2 - o - 2. Suppose g + 3*u - 17 = 0, 4*g + 5*u - 92 = u. Suppose 0 = -4*p + p + 4*f - g, -5*f = 3*p - 19. Calculate l(p).
-4
Let y(c) = -7*c. Let l be 11/3*(-5 - -8). Let i(j) = -4 + 0 - l*j + 10*j. Let v be i(-6). What is y(v)?
-14
Let j(w) = -w**3 - 6*w**2 - 6*w - 3. Let t be j(-5). Let c be -2*2*(-1)/t. Let q(y) = 1 + 2*y**2 - 3*y + 0*y**c + 4*y - y**2. Calculate q(2).
7
Let b = 56 - 28. Let a = b - 23. Let r(x) = x**3 - 5*x**2 + 7. Determine r(a).
7
Let s(y) = -y**3 + 7*y**2 - 6*y + 1. Suppose -m - 4 = -4*z, m = -2*z - 0 + 8. Give s(m).
25
Let i(v) = 8*v + 22 + 0*v - 3*v - 7*v. Let x be i(14). Let t(n) = n**2 + 3*n - 8. Determine t(x).
10
Let g(y) = 2*y**2 + y + 7. Let a(m) = 3*m**2 + m + 8. Let n(t) = 3*a(t) - 4*g(t). What is n(0)?
-4
Let c(n) be the third derivative of 1/240*n**6 - 5*n**2 + 0 - 7/24*n**4 + 0*n + 0*n**3 + 0*n**5. Let j(y) be the second derivative of c(y). What is j(-6)?
-18
Let y(h) be the first derivative of h**2 - 12*h - 86. Calculate y(8).
4
Suppose -5*z + 8 + 17 = 0. Suppose -3*q + 47 = 4*s + 8, 0 = 5*q + 5*s - 60. Let d(r) = 4*r**2 + 7*r + 14 - r**3 - q - 5. What is d(z)?
10
Let f(a) be the second derivative of -a**5/20 - 2*a**4/3 + 4*a**3/3 - 3*a**2/2 + 27*a. Let o be f(-9). Let k(z) = z**3 - 7*z**2 + 4*z - 2. Calculate k(o).
-14
Let t be ((-84)/2)/7 + 1 + 4. Let o(y) = -4*y - 3. Give o(t).
1
Let g(o) = o**2 - 10*o - 10. Let p(y) = y**3 - 17*y**2 + 71*y + 1. Let z be p(7). Determine g(z).
-26
Let k(q) be the first derivative of 9*q**3 + q + 23. Give k(1).
28
Suppose 2*o + m + 5 = o, 5*m = 4*o - 16. Let j(z) = z**3 + z**2 - 1. Calculate j(o).
-1
Let a(g) = -6*g + 8. Let c(t) = 11*t - 18. Let u(r) = -7*a(r) - 3*c(r). Give u(3).
25
Let o be (-25)/(450/12)*-15. Let d(t) = 2*t + 9. Calculate d(o).
29
Let b(x) = -3*x. Let f(d) be the first derivative of d**4/4 + d**3/3 - d**2 - 3*d + 3. Let k be f(-2). Determine b(k).
9
Let z(s) = -3567*s - 5*s**2 + s**3 + 3567*s - 3*s**2 + 3*s**2 - 7. Let d be (-87)/(-5) - 4/10. Suppose 2 = p, p - d = -3*q - 0*p. Calculate z(q).
-7
Let z(y) = y**2 + 6*y + 7. Suppose 0 = 2*r + 12*r + 126. What is z(r)?
34
Let h(x) = -50 + 5*x - 58 + 112 + 2*x**2. Let b(i) = i**2 + 5*i + 4. Let s(w) = 3*b(w) - 2*h(w). Let v be (1/2)/(2/24). Give s(v).
-2
Let f be (-1)/((-2 - -3)/3). Let s(j) = -2*j + 2. What is s(f)?
8
Let q(l) = l**3 + 7*l**2 + 7*l + 3. Suppose -2*a + 4*a - 580 = 0. Let x be 2/(-11) + a/22. Suppose 2*c - 5*i = x, -3*i - 3 = -2*c - 0*i. Determine q(c).
-3
Let d(u) = -12*u + 10*u + 3*u + 8 + 0*u. Determine d(-4).
4
Let x = -16 - -9. Let d(w) be the third derivative of w**4/24 + 2*w**3/3 + 114*w**2. What is d(x)?
-3
Let n(p) be the first derivative of p**3 + p**2 - 126. Determine n(2).
16
Let k(y) = -y**3 - 2*y**2 + 4*y - 3. Let h(a) = 15 + 9 + 12*a - 16. Let g be h(-1). Give k(g).
13
Let h = 14 - -1. Suppose 2*w - h = -3*w. Let r(p) = -p**2 - 7*p - 13 + 6*p - w. Determine r(0).
-16
Suppose 13 = 5*o - 2. Let j(v) = 1 - o*v + v + 3*v. What is j(0)?
1
Let m(z) = 2*z + 1. Let a(q) = -2*q + 1. Let h(p) = 2*a(p) - 2*m(p). Determine h(-1).
8
Suppose 0 = -3*t - 2 + 8. Suppose 0 = h + h + t. Let d(g) = 19*g + 1. Give d(h).
-18
Let l(g) = -7*g + 1. Let h(k) be the second derivative of k**3/6 + 9*k**2/2 + 5*k. Let f be h(-7). Suppose 5*b = f + 8. Calculate l(b).
-13
Let h(q) be the first derivative of q**5/60 + 3*q**4/8 - 2*q**3/3 - 4*q**2 - 5. Let g(a) be the second derivative of h(a). Give g(-9).
-4
Let o(t) = 27*t**2 + 6*t - 53. Let i(d) = -5*d**2 - d + 10. Let v(z) = 11*i(z) + 2*o(z). What is v(4)?
-8
Let n(r) = -r**3 - 11*r**2 + 11*r - 15. Let y(p) = -38*p - 1418. Let a be y(-37). Give n(a).
-3
Let z(s) = s**3 - 6*s**2 + 3*s - 2. Let v be ((-8)/6)/(6/(-9)). Suppose 5 = -f - 4*m, -v*f + 4*f = -2*m + 8. Suppose 6*d = f*d - 5. What is z(d)?
-12
Let g(p) be the third derivative of p**6/120 - 2*p**5/15 + 5*p**4/24 - 2*p**3/3 + 10*p**2 - 5. Give g(6).
-46
Let c = 61 - 35. Let g = -23 + c. Let a(o) = o**2 - 2*o + 3. Determine a(g).
6
Let d(k) = -4*k - k + 2*k. Let n = -46 + 31. Let m = -14 - n. Calculate d(m).
-3
Suppose -i = 3*i. Suppose -2*a + 2*t + 4 = 3*a, 5*a - 5*t + 5 = i. Suppose -g = -2*o + 3, 5*o - 26 = -a*g + o. Let r(m) = m**2 - 3*m - 1. Determine r(g).
9
Let v(t) = 2*t**3 - 7*t + 3. Let l(w) = 5*w**3 - 20*w + 9. Let j(k) = 4*l(k) - 11*v(k). Determine j(2).
-19
Let i(a) = a**2 + 7*a**2 - 5 - a**2 - 7*a**2 - 2*a + a**2. Determine i(4).
3
Let x(s) be the second derivative of -s**5/40 - s**4/8 - s**3 + 31*s. Let z(b) be the second derivative of x(b). What is z(-5)?
12
Let q(w) be the third derivative of 1/4*w**4 + 0 + 0*w - 5/6*w**3 - 3*w**2 - 1/40*w**5. Let z(v) be the first derivative of q(v). Determine z(6).
-12
Suppose -2*u + 